(-10).
-56
Let a(b) = -b**3 + 3*b**2 + b + 8. Give a(4).
-4
Let n(f) = -f**3 + 14*f**2 - 14*f + 29. Calculate n(13).
16
Let h(o) = -2*o**3 + 75*o**2 - 36*o + 49. Calculate h(37).
86
Let t(a) = a**3 - 10*a**2 + 22*a - 13. Determine t(7).
-6
Let b(i) = -34*i**2 - 2*i. Determine b(1).
-36
Let n(x) = x**3 + 6*x**2 + x - 12. Calculate n(-6).
-18
Let p(u) = -9*u - 3. Give p(-1).
6
Let a(m) = -16*m + 3. Determine a(4).
-61
Let b(x) = x**3 + 5*x**2 + 2*x + 5. Calculate b(-5).
-5
Let c(a) = -2*a**3 - a**2 + 3*a - 1. Determine c(1).
-1
Let x(o) = -o**2 + 23*o + 9. Calculate x(19).
85
Let j(w) = -10*w - 39. Determine j(-8).
41
Let f(k) = k**2 + 12*k - 25. Give f(-13).
-12
Let u(c) = 19*c + 244. Calculate u(-13).
-3
Let g(r) = -r**3 + 22*r**2 - 21*r + 22. What is g(21)?
22
Let t(y) = -5*y + 31. What is t(5)?
6
Let l(v) = v**3 - 19*v**2 + 34*v + 18. Determine l(17).
18
Let o(c) = 7*c. What is o(3)?
21
Let j(n) = n**3 - 9*n**2 - 10*n + 1. Calculate j(10).
1
Let k(o) = 3*o**2 + 9*o - 4. Determine k(-4).
8
Let u(t) = -t**3 - 8*t**2 + 9. Calculate u(-8).
9
Let a(n) = -2*n**2 + 4*n - 6. Calculate a(2).
-6
Let u(k) = -6*k**2 - 40*k + 10. What is u(-7)?
-4
Let m(b) = b**3 - 27*b**2 - 27*b - 36. Determine m(28).
-8
Let y(a) = a - 2. Give y(6).
4
Let o(k) = k**2 - 4*k - 65. Give o(-6).
-5
Let q(l) = l**3 - 3*l**2 + 4*l - 1. Determine q(3).
11
Let b(s) = 42*s - 17. What is b(1)?
25
Let l(p) = p**3 + 10*p**2 - 38*p + 7. Give l(-13).
-6
Let i(q) = -3*q**2 - 67*q - 55. Determine i(-22).
-33
Let m(g) = -g**3 + 2*g**2 + 2*g + 3. Determine m(3).
0
Let f(b) = -7*b**2 - 4*b + 40. What is f(4)?
-88
Let p(x) = 70*x + 330. Calculate p(-5).
-20
Let g(f) = -13*f**3 + f**2 - f - 1. Calculate g(-1).
14
Let z(b) = -51*b**3 + b**2 + 2*b + 2. What is z(-1)?
52
Let d(m) = -m**3 - 5*m**2 + 3*m - 5. Calculate d(-6).
13
Let y(c) = c**2 + 8*c - 116. Give y(9).
37
Let z(n) = 2*n**3 + 23*n**2 + 32*n + 15. Give z(-10).
-5
Let w(a) = a**2 + 23*a - 159. Determine w(5).
-19
Let i(m) = 2*m**3 + 3*m + 10. What is i(-3)?
-53
Let c(u) = 17*u - 441. What is c(26)?
1
Let a(b) = 2*b**2 - 25*b - 327. Calculate a(-8).
1
Let c(u) = u**2 - 1. What is c(3)?
8
Let l(y) = 31*y**3 - 2*y + 2. What is l(1)?
31
Let t(c) = c**3 - 4*c**2 + 4*c + 5. Give t(4).
21
Let g(a) = a**2 + 16*a - 13. Determine g(-15).
-28
Let u(j) = 13*j**3 - j**2 + 2*j - 2. What is u(1)?
12
Let z(u) = -9*u**3 + 2*u**2 + 2*u - 2. What is z(1)?
-7
Let c(w) = -w**3 + 5*w**2 - 12*w + 9. Determine c(4).
-23
Let c(z) = -2*z + 25. What is c(21)?
-17
Let z(d) = -31*d + 195. Determine z(7).
-22
Let g(n) = -n**3 + 5*n**2 + 7*n - 15. Determine g(6).
-9
Let j(k) = k**3 + 3*k**2 + 5. What is j(-4)?
-11
Let o(f) = -2*f**2 - f + 1. Give o(-3).
-14
Let u(z) = z**3 + 13*z**2 - 14*z + 7. Calculate u(-14).
7
Let g(n) = -n + 39. Calculate g(6).
33
Let c(b) = b**2 - 10*b + 21. What is c(13)?
60
Let b(o) = 2*o**3 + 11*o**2 - 30*o - 138. Give b(-6).
6
Let l(h) = -h**3 - 3*h**2 - 2*h + 2. Calculate l(-2).
2
Let t(m) = -m**2 - 4*m + 4. Determine t(1).
-1
Let o(s) = 6*s - 3. Calculate o(5).
27
Let w(v) = 7*v - 10. Give w(2).
4
Let c(a) = -2*a + 2. Determine c(-5).
12
Let p(v) = -v**3 - 3*v**2 - 7*v - 19. Give p(-3).
2
Let b(r) = 6*r**2 + 4*r + 1. What is b(-2)?
17
Let k(d) = -3*d + 12. Determine k(8).
-12
Let w(b) = -2*b**2 - 3*b + 3. What is w(2)?
-11
Let m(g) = -g**3 - 12*g**2 - 16*g + 27. Give m(-10).
-13
Let t(j) = 2*j**3 + 28*j**2 + 24*j - 30. What is t(-13)?
-4
Let c(k) = k**3 + 5*k**2 - 2*k + 36. What is c(-6)?
12
Let y(f) = 8*f - 4. What is y(-2)?
-20
Let v(u) = u**2 + 10*u + 18. Determine v(-7).
-3
Let n(j) = j - 4. Calculate n(5).
1
Let x(r) = 2*r**3 + 4*r**2 + 9*r - 2. Give x(-4).
-102
Let h(a) = -4*a**3 + a**2 + 3*a + 4. Determine h(-1).
6
Let x(v) = 15*v - 35. What is x(3)?
10
Let c(a) = -a - 21. What is c(-12)?
-9
Let t(x) = x**3 - 13*x**2 + 5. What is t(13)?
5
Let r(u) = 5*u + 79. Determine r(-16).
-1
Let k(n) = 2*n**3 - n**2 - n - 1. What is k(2)?
9
Let g(a) = -a**3 + 16*a**2 + 15*a + 39. Give g(17).
5
Let i(k) = -k - 14. Calculate i(-5).
-9
Let h(v) = -3*v + 72. Calculate h(23).
3
Let x(l) = l**2 + 8*l - 1. Determine x(-7).
-8
Let j(t) = t + 4. Calculate j(-7).
-3
Let g(v) = -v**2 + 5*v - 5. Determine g(4).
-1
Let s(w) = w**2 - 20*w + 58. Determine s(13).
-33
Let c(s) = s**2 + 2*s - 7. Calculate c(3).
8
Let w(y) = -29*y - 311. Calculate w(-11).
8
Let h(m) = -m**3 + 8*m**2 + 9*m - 7. What is h(9)?
-7
Let o(u) = -u**2 - 29*u + 264. Give o(8).
-32
Let h(f) = 2*f**3 - 7*f**2 + 2*f - 12. What is h(4)?
12
Let z(g) = 214*g**2 - 4*g - 5. Determine z(-1).
213
Let w(v) = 4*v - 33. Calculate w(8).
-1
Let d(g) = -2*g**3 + 5*g**2 + 3*g - 3. Determine d(4).
-39
Let j(h) = -h**3 - 6*h**2 + 4*h + 44. What is j(-6)?
20
Let z(u) = 2*u**2 + 11*u + 6. Calculate z(-5).
1
Let c(v) = 28*v + 116. Give c(-4).
4
Let m(n) = -9*n + 8. Calculate m(2).
-10
Let q(r) = 39*r**3 + 4*r**2 + r - 2. Give q(-1).
-38
Let f(l) = 3*l**3 + 3*l**2 - 7*l - 9. Give f(-4).
-125
Let k(t) = -45*t + 232. What is k(5)?
7
Let j(m) = -m + 5. Calculate j(10).
-5
Let k(r) = -3*r + 5. Determine k(5).
-10
Let t(c) = -79*c + 308. Give t(4).
-8
Let c(m) = m**3 - 5*m**2 - m - 5. Determine c(5).
-10
Let x(a) = a**2 + 3*a - 12. Calculate x(-7).
16
Let v(n) = -6*n - 34. Give v(-5).
-4
Let s(z) = z**3 + 36*z**2 + 66*z - 62. What is s(-34)?
6
Let b(y) = 21*y - 41. Calculate b(3).
22
Let n(z) = -6*z + 24. Calculate n(7).
-18
Let r(a) = -4*a + 27. What is r(7)?
-1
Let z(s) = -s**2 - 25*s - 3. Determine z(-25).
-3
Let z(u) = -u**3 + 11*u**2 + 2*u - 19. Give z(11).
3
Let c(t) = -t**3 + 6*t**2 + 3*t - 11. Calculate c(6).
7
Let d(j) = -j**2 + 11*j + 1. Give d(10).
11
Let n(s) = s**3 + 6*s**2 - 8*s + 7. What is n(-7)?
14
Let q(a) = a**3 + 21*a**2 - 23*a - 22. Determine q(-22).
0
Let i(c) = -38*c - 1. What is i(-1)?
37
Let q(j) = -j**2 - 21*j - 46. Determine q(-19).
-8
Let m(u) = -u**3 - 35*u**2 - 69*u - 103. What is m(-33)?
-4
Let s(v) = 6*v**2 + 8*v - 1. What is s(-2)?
7
Let g(y) = -10*y + 3. Give g(-3).
33
Let b(k) = -2*k**2 - 5*k - 4. Determine b(-3).
-7
Let a(j) = -3*j + 6. What is a(-5)?
21
Let f(u) = u**2 - 3*u + 4. Give f(-8).
92
Let d(s) = s**2 - 6*s + 5. Give d(10).
45
Let b(m) = -2*m**2 - 11*m. Give b(-6).
-6
Let y(c) = c**3 - 15*c**2 + 13*c + 5. Calculate y(14).
-9
Let b(g) = -4*g**2 + 7*g + 2. Give b(-2).
-28
Let o(r) = 7*r + 95. What is o(-14)?
-3
Let g(t) = -t**3 - 14*t**2 - 17. Determine g(-14).
-17
Let y(o) = -o**2 - 10*o - 17. What is y(-6)?
7
Let u(j) = -j**2 + 2*j - 5. What is u(-2)?
-13
Let g(u) = -u**3 - 6*u**2 - u - 6. What is g(-5)?
-26
Let d(o) = o**3 - 11*o**2 - 12*o + 10. What is d(12)?
10
Let f(i) = 12*i + 14. Calculate f(-4).
-34
Let y(r) = -19*r + 13. Calculate y(1).
-6
Let n(j) = 56*j + 170. Give n(-3).
2
Let d(s) = s**3 - 12*s**2 + 6*s + 8. Calculate d(11).
-47
Let d(a) = 48*a + 5. What is d(-1)?
-43
Let r(i) = i**3 - 2*i**2 - 3*i + 30. What is r(0)?
30
Let l(m) = m**2 - m - 6. Calculate l(5).
14
Let v(m) = -9*m**2 - m + 1. Determine v(-1).
-7
Let o(m) = 7*m**3 - m**2 - 2*m. What is o(2)?
48
Let x(y) = -y**2 - 14*y + 13. What is x(-9)?
58
Let h(y) = -y**3 - 9*y**2 - 17*y + 2. Calculate h(-6).
-4
Let v(f) = 71*f + 429. Give v(-6).
3
Let p(c) = 3*c**2 + c - 8. Determine p(0).
-8
Let k(u) = -u**3 + 28*u - 9. Calculate k(5).
6
Let y(v) = v**2 + 14*v + 33. Determine y(-11).
0
Let g(o) = o**3 - 10*o**2 - 12*o + 11. Determine g(11).
0
Let u(c) = c**3 - 3*c**2 - 14*c + 25. Determine u(5).
5
Let o(i) = i**2 - 11*i + 54. What is o(6)?
24
Let c(j) = j**3 + 4*j**2 - 7*j - 5. Give c(-4).
23
Let k(n) = 13*n**2 - n - 1. Calculate k(1).
11
Let v(y) = -y**3 - 9*y**2 - 28*y - 28. What is v(-4)?
4
Let d(n) = -n**3 + 18*n**2 + 29*n + 214. Calculate d(20).
-6
Let b(q) = q - 18. What is b(17)?
-1
Let v(u) = 3*u**3 + u**2 - 6*u + 1. Determine v(2).
17
Let k(q) = -27*q + 454. Calculate k(17).
-5
Let t(r) = 4*r - 1. Determine t(-5).
-21
Let w(n) = -2*n**3 + 7*n**2 + 3*n + 7. Give w(4).
3
Let m(c) = -8*c - 107. Calculate m(-12).
-11
Let j(d) = d**2 - 16*d + 7. Give j(15).
-8
Let q(c) = -c**2 - 21*c. Calculate q(-21).
0
Let c(k) = -k**3 + 11*k**2 - 12*k + 17. What is c(10)?
-3
Let w(n) = -2*n**3 + 11*n + 3. Calculate w(-2).
-3
Let x(t) = t**2 - 12*t + 5. Give x(11).
-6
Let c(z) = z**3 - 31*z**2 - 4*z + 120. W